?
930
Calculate the highest common divisor of 110925 and 5742.
261
What is the greatest common divisor of 864417 and 191887?
617
Calculate the greatest common factor of 379 and 243656068.
379
What is the highest common divisor of 9637 and 14207452?
419
What is the highest common divisor of 104604 and 44963044?
1516
Calculate the highest common factor of 178781309 and 35.
7
Calculate the greatest common factor of 2169276676 and 29.
29
Calculate the highest common factor of 30456 and 132753897.
3807
Calculate the greatest common divisor of 666 and 58218020.
74
Calculate the greatest common divisor of 2130 and 3833006.
142
Calculate the highest common factor of 642875 and 12099000.
4625
Calculate the greatest common factor of 86715 and 356823.
369
Calculate the highest common divisor of 132 and 116559708.
12
Calculate the greatest common divisor of 625914 and 140649.
519
What is the highest common divisor of 192 and 3915744?
96
What is the highest common divisor of 6 and 20904087?
3
Calculate the greatest common factor of 19536 and 25106313.
111
What is the greatest common factor of 229339117 and 1148?
287
What is the greatest common divisor of 101946 and 24414?
78
What is the highest common factor of 7190 and 443303045?
3595
What is the highest common divisor of 7439 and 172964189?
7439
Calculate the greatest common divisor of 1970576 and 4740.
316
What is the highest common factor of 1158781 and 104?
13
Calculate the highest common factor of 1133515 and 1648.
103
What is the greatest common factor of 97765816 and 2976?
248
Calculate the greatest common factor of 7011 and 410861.
41
Calculate the highest common divisor of 10824212 and 386.
386
Calculate the highest common factor of 2506372 and 682.
22
Calculate the highest common factor of 138082 and 10738.
14
Calculate the highest common divisor of 125 and 10713200.
25
Calculate the greatest common factor of 3531 and 3922677.
33
Calculate the highest common divisor of 2122 and 6638677.
1061
Calculate the greatest common divisor of 131776 and 16384.
64
What is the highest common factor of 79459666 and 55?
11
What is the highest common factor of 13381491 and 741?
57
What is the highest common divisor of 4826 and 5947664?
254
What is the highest common factor of 1176 and 399987?
147
Calculate the greatest common factor of 2807 and 4542929.
401
What is the greatest common factor of 190 and 940430?
10
What is the greatest common divisor of 2124 and 11833866?
1062
What is the highest common factor of 208203606 and 12168?
3042
What is the highest common divisor of 119700572 and 9489?
3163
What is the highest common factor of 917 and 415139?
131
What is the greatest common divisor of 92239590 and 3090?
3090
What is the greatest common divisor of 36360982 and 8365?
1673
What is the highest common divisor of 5428704 and 160?
32
What is the greatest common divisor of 3186 and 8004?
6
What is the highest common factor of 726510 and 448350?
1830
Calculate the greatest common factor of 38283069 and 99.
33
What is the highest common divisor of 1233049 and 97513?
577
What is the highest common factor of 3136 and 5344136?
392
Calculate the highest common divisor of 1518 and 1425831.
33
Calculate the greatest common divisor of 508 and 178252.
4
What is the greatest common factor of 1580 and 726749045?
395
What is the highest common factor of 2041 and 361571?
157
Calculate the highest common factor of 1280858 and 2547.
283
What is the greatest common factor of 9362 and 3062280?
302
What is the highest common divisor of 756907704 and 392?
392
What is the greatest common factor of 139050 and 707198?
206
What is the highest common factor of 972134 and 15027989?
5011
What is the greatest common divisor of 73695 and 9360?
15
Calculate the greatest common factor of 156169457 and 89.
89
Calculate the greatest common factor of 30 and 2237826.
6
What is the greatest common factor of 8355908 and 814?
22
Calculate the greatest common divisor of 1306096 and 99550.
3982
Calculate the highest common factor of 32 and 342742864.
16
What is the highest common divisor of 13462 and 1131062?
254
What is the highest common factor of 121436868 and 28?
28
Calculate the highest common divisor of 101043 and 14498199.
981
What is the highest common divisor of 210 and 317649402?
42
Calculate the greatest common factor of 96 and 8146304.
32
What is the highest common divisor of 4125 and 4678950?
75
Calculate the highest common factor of 1331 and 36280640.
121
What is the greatest common divisor of 287868 and 9536?
596
Calculate the highest common factor of 144 and 2041404.
12
Calculate the highest common divisor of 800 and 1832050.
50
What is the highest common divisor of 94 and 1873927318?
94
What is the highest common divisor of 1661 and 6245261?
11
Calculate the highest common divisor of 820920 and 173280.
120
Calculate the highest common factor of 53992043 and 4585.
917
Calculate the greatest common divisor of 6585 and 37770.
15
What is the greatest common divisor of 224783835 and 2370?
1185
What is the greatest common divisor of 166 and 15209252?
166
Calculate the greatest common divisor of 6665 and 18564505.
155
What is the highest common factor of 20636 and 1316483?
469
Calculate the greatest common divisor of 235749852 and 9.
9
What is the greatest common divisor of 5842 and 13617656?
46
What is the highest common factor of 4898 and 60516054?
158
What is the highest common divisor of 1568 and 2689664?
32
What is the greatest common divisor of 308007 and 17493?
21
Calculate the greatest common divisor of 665 and 185829280.
35
Calculate the highest common factor of 119410 and 4310.
10
Calculate the greatest common factor of 1015 and 34434890.
1015
What is the highest common divisor of 7489950 and 1100697?
6513
Calculate the greatest common divisor of 367534 and 3775.
151
Calculate the greatest common factor of 1544 and 13415623.
193
Calculate the greatest common divisor of 4121566 and 17794.
82
What is the highest common divisor of 2110 and 1362958720?
2110
Calculate the highest common factor of 6 and 9799726.
2
Calculate the greatest common divisor of 584 and 291168822.
146
What is the greatest common factor of 2508264 and 37224?
792
What is the greatest common divisor of 678657 and 13804?
119
What is the highest common divisor of 84918690 and 468?
18
What is the highest common factor of 135 and 26032290?
15
Calculate the greatest common factor of 18306 and 11781606.
678
Calculate the highest common divisor of 1275 and 43747800.
1275
Calculate the highest common divisor of 11178 and 1410858.
486
What is the greatest common divisor of 328 and 35279147?
41
What is the greatest common factor of 89354524 and 42?
14
Calculate the highest common factor of 265789 and 25393.
67
What is the highest common factor of 14447836 and 130129?
3517
What is the highest common divisor of 6097 and 667121?
91
Calculate the highest common factor of 5752 and 10096.
8
What is the highest common divisor of 10616 and 22264?
8
Calculate the highest common factor of 1016 and 35068764.
508
What is the greatest common divisor of 27208 and 21146848?
152
Calculate the highest common divisor of 29274 and 36554862.
4182
What is the highest common divisor of 544 and 387226?
34
Calculate the greatest common divisor of 400 and 35005000.
200
What is the greatest common factor of 5650 and 372294320?
1130
Calculate the highest common factor of 500 and 4962850.
50
What is the greatest common divisor of 22 and 3036602800?
22
What is the greatest common factor of 11475 and 2366825?
425
What is the highest common divisor of 28 and 215407?
1
Calculate the greatest common divisor of 53632 and 2309109.
419
What is the greatest common divisor of 27684127 and 38691?
1433
What is the greatest common divisor of 6183 and 21605463?
2061
What is the greatest common divisor of 127901872 and 3904?
976
Calculate the greatest common divisor of 237893037 and 6.
3
Calculate the greatest common factor of 32683 and 186151.
1421
What is the greatest common factor of 11599929 and 2679?
141
What is the highest common divisor of 10177300 and 1900455?
10385
What is the highest common factor of 2865 and 107554392?
573
What is the highest common divisor of 18956 and 2007982?
1354
Calculate the gr